{"id":237,"date":"2025-12-14T16:04:25","date_gmt":"2025-12-14T16:04:25","guid":{"rendered":"https:\/\/demo.ilouutiset.fi\/?page_id=237"},"modified":"2025-12-22T19:28:44","modified_gmt":"2025-12-22T19:28:44","slug":"lehdet","status":"publish","type":"page","link":"https:\/\/demo.ilouutiset.fi\/index.php\/lehdet\/","title":{"rendered":"Lehti"},"content":{"rendered":"\n<p><strong>Ilouutiset-lehti<\/strong> on suomalainen painettu julkaisu, joka tarjoaa lukijoilleen rohkaisevia ja el\u00e4m\u00e4nmy\u00f6nteisi\u00e4 artikkeleita. Lehden sis\u00e4ll\u00f6t k\u00e4sittelev\u00e4t el\u00e4m\u00e4\u00e4, arvoja, uskoa, ihmissuhteita ja yhteiskuntaa toivon ja merkityksellisyyden n\u00e4k\u00f6kulmasta. Ilouutiset-lehti kokoaa yhteen henkil\u00f6kohtaisia tarinoita, pohdintoja ja ajankohtaisia teemoja, joiden tarkoituksena on her\u00e4tt\u00e4\u00e4 ajatuksia ja tuoda hyv\u00e4\u00e4 mielt\u00e4 arkeen. Lehti ilmestyy valikoituina painoksina ja on suunnattu kaikille, jotka kaipaavat rakentavaa ja my\u00f6nteist\u00e4 luettavaa.<\/p>\n\n\n\n<p>Klikkaamalla lehte\u00e4 p\u00e4\u00e4set lukemaan julkaisua.<\/p>\n\n\n\n<div class=\"wp-block-columns is-layout-flex wp-container-core-columns-is-layout-9d6595d7 wp-block-columns-is-layout-flex\">\n<div class=\"wp-block-column is-layout-flow wp-block-column-is-layout-flow\">\n<figure class=\"wp-block-image size-large\"><a href=\"https:\/\/san-ilouutiset.ilouutiset.fi\/ilouutiset_final.pdf\"><img loading=\"lazy\" decoding=\"async\" width=\"788\" height=\"1050\" src=\"https:\/\/demo.ilouutiset.fi\/wp-content\/uploads\/2025\/12\/ilouutiset-lehti-2024-edited.png\" alt=\"\" class=\"wp-image-242\" srcset=\"https:\/\/demo.ilouutiset.fi\/wp-content\/uploads\/2025\/12\/ilouutiset-lehti-2024-edited.png 788w, https:\/\/demo.ilouutiset.fi\/wp-content\/uploads\/2025\/12\/ilouutiset-lehti-2024-edited-225x300.png 225w, https:\/\/demo.ilouutiset.fi\/wp-content\/uploads\/2025\/12\/ilouutiset-lehti-2024-edited-768x1023.png 768w\" sizes=\"auto, (max-width: 788px) 100vw, 788px\" \/><\/a><\/figure>\n\n\n\n<h2 class=\"wp-block-heading alignwide has-text-align-center\"><a href=\"https:\/\/san-ilouutiset.ilouutiset.fi\/ilouutiset_final.pdf\">ILOUUTISET 2024<\/a><\/h2>\n<\/div>\n\n\n\n<div class=\"wp-block-column is-layout-flow wp-block-column-is-layout-flow\">\n<figure class=\"wp-block-image size-large\"><a href=\"https:\/\/www.ilouutiset.fi\/wp-content\/uploads\/2024\/11\/ilouutiset-taitto-23-1.pdf\"><img loading=\"lazy\" decoding=\"async\" width=\"842\" height=\"1122\" src=\"https:\/\/demo.ilouutiset.fi\/wp-content\/uploads\/2025\/12\/ilouutiset-lehti-2023-edited.png\" alt=\"\" class=\"wp-image-243\" srcset=\"https:\/\/demo.ilouutiset.fi\/wp-content\/uploads\/2025\/12\/ilouutiset-lehti-2023-edited.png 842w, https:\/\/demo.ilouutiset.fi\/wp-content\/uploads\/2025\/12\/ilouutiset-lehti-2023-edited-225x300.png 225w, https:\/\/demo.ilouutiset.fi\/wp-content\/uploads\/2025\/12\/ilouutiset-lehti-2023-edited-768x1023.png 768w\" sizes=\"auto, (max-width: 842px) 100vw, 842px\" \/><\/a><\/figure>\n\n\n\n<h2 class=\"wp-block-heading has-text-align-center\"><a href=\"https:\/\/www.ilouutiset.fi\/wp-content\/uploads\/2024\/11\/ilouutiset-taitto-23-1.pdf\">ILOUUTISET 2023<\/a><\/h2>\n<\/div>\n<\/div>\n\n\n\n<div class=\"wp-block-columns is-layout-flex wp-container-core-columns-is-layout-9d6595d7 wp-block-columns-is-layout-flex\">\n<div class=\"wp-block-column is-layout-flow wp-block-column-is-layout-flow\">\n<figure class=\"wp-block-image size-large\"><a href=\"https:\/\/www.ilouutiset.fi\/wp-content\/uploads\/2022\/12\/ilouutiset-22-.pdf\"><img loading=\"lazy\" decoding=\"async\" width=\"787\" height=\"1049\" src=\"https:\/\/demo.ilouutiset.fi\/wp-content\/uploads\/2025\/12\/ilouutiset-lehti-2022-edited.png\" alt=\"\" class=\"wp-image-245\" srcset=\"https:\/\/demo.ilouutiset.fi\/wp-content\/uploads\/2025\/12\/ilouutiset-lehti-2022-edited.png 787w, https:\/\/demo.ilouutiset.fi\/wp-content\/uploads\/2025\/12\/ilouutiset-lehti-2022-edited-225x300.png 225w, https:\/\/demo.ilouutiset.fi\/wp-content\/uploads\/2025\/12\/ilouutiset-lehti-2022-edited-768x1024.png 768w\" sizes=\"auto, (max-width: 787px) 100vw, 787px\" \/><\/a><\/figure>\n\n\n\n<h2 class=\"wp-block-heading has-text-align-center\"><a href=\"https:\/\/www.ilouutiset.fi\/wp-content\/uploads\/2022\/12\/ilouutiset-22-.pdf\">ILOUUTISET 2022<\/a><\/h2>\n<\/div>\n\n\n\n<div class=\"wp-block-column is-layout-flow wp-block-column-is-layout-flow\">\n<figure class=\"wp-block-image size-large\"><a href=\"https:\/\/issuu.com\/synodi\/docs\/ilouutiset_hs?fr=sY2EzYTUxOTY4Ng\"><img loading=\"lazy\" decoding=\"async\" width=\"787\" height=\"1050\" src=\"https:\/\/demo.ilouutiset.fi\/wp-content\/uploads\/2025\/12\/ilouutiset-lehti-sport-2022-edited.png\" alt=\"\" class=\"wp-image-247\" srcset=\"https:\/\/demo.ilouutiset.fi\/wp-content\/uploads\/2025\/12\/ilouutiset-lehti-sport-2022-edited.png 787w, https:\/\/demo.ilouutiset.fi\/wp-content\/uploads\/2025\/12\/ilouutiset-lehti-sport-2022-edited-225x300.png 225w, https:\/\/demo.ilouutiset.fi\/wp-content\/uploads\/2025\/12\/ilouutiset-lehti-sport-2022-edited-768x1025.png 768w\" sizes=\"auto, (max-width: 787px) 100vw, 787px\" \/><\/a><\/figure>\n\n\n\n<h2 class=\"wp-block-heading has-text-align-center\"><a href=\"https:\/\/issuu.com\/synodi\/docs\/ilouutiset_hs?fr=sY2EzYTUxOTY4Ng\">ILOUUTISET SPORT 2022<\/a><\/h2>\n<\/div>\n<\/div>\n\n\n\n<div class=\"wp-block-columns is-layout-flex wp-container-core-columns-is-layout-9d6595d7 wp-block-columns-is-layout-flex\">\n<div class=\"wp-block-column is-layout-flow wp-block-column-is-layout-flow\">\n<figure class=\"wp-block-image size-large\"><a href=\"https:\/\/www.ilouutiset.fi\/wp-content\/uploads\/2020\/12\/Ilouutiset.2020.pdf\"><img loading=\"lazy\" decoding=\"async\" width=\"787\" height=\"1049\" src=\"https:\/\/demo.ilouutiset.fi\/wp-content\/uploads\/2025\/12\/ilouutiset-2020-edited.png\" alt=\"\" class=\"wp-image-249\" srcset=\"https:\/\/demo.ilouutiset.fi\/wp-content\/uploads\/2025\/12\/ilouutiset-2020-edited.png 787w, https:\/\/demo.ilouutiset.fi\/wp-content\/uploads\/2025\/12\/ilouutiset-2020-edited-225x300.png 225w, https:\/\/demo.ilouutiset.fi\/wp-content\/uploads\/2025\/12\/ilouutiset-2020-edited-768x1024.png 768w\" sizes=\"auto, (max-width: 787px) 100vw, 787px\" \/><\/a><\/figure>\n\n\n\n<h2 class=\"wp-block-heading has-text-align-center\"><a href=\"https:\/\/www.ilouutiset.fi\/wp-content\/uploads\/2020\/12\/Ilouutiset.2020.pdf\">ILOUUTISET 2020<\/a><\/h2>\n<\/div>\n\n\n\n<div class=\"wp-block-column is-layout-flow wp-block-column-is-layout-flow\">\n<figure class=\"wp-block-image size-large\"><a href=\"https:\/\/www.ilouutiset.fi\/wp-content\/uploads\/2019\/03\/ilouutiset-26.3.pdf\"><img loading=\"lazy\" decoding=\"async\" width=\"787\" height=\"1050\" src=\"https:\/\/demo.ilouutiset.fi\/wp-content\/uploads\/2025\/12\/ilouutiset-lehti-2019-edited.png\" alt=\"\" class=\"wp-image-251\" srcset=\"https:\/\/demo.ilouutiset.fi\/wp-content\/uploads\/2025\/12\/ilouutiset-lehti-2019-edited.png 787w, https:\/\/demo.ilouutiset.fi\/wp-content\/uploads\/2025\/12\/ilouutiset-lehti-2019-edited-225x300.png 225w, https:\/\/demo.ilouutiset.fi\/wp-content\/uploads\/2025\/12\/ilouutiset-lehti-2019-edited-768x1025.png 768w\" sizes=\"auto, (max-width: 787px) 100vw, 787px\" \/><\/a><\/figure>\n\n\n\n<h2 class=\"wp-block-heading has-text-align-center\"><a href=\"https:\/\/www.ilouutiset.fi\/wp-content\/uploads\/2019\/03\/ilouutiset-26.3.pdf\">ILOUUTISET 2019<\/a><\/h2>\n<\/div>\n<\/div>\n\n\n\n<p><\/p>\n","protected":false},"excerpt":{"rendered":"<p>Ilouutiset-lehti on suomalainen painettu julkaisu, joka tarjoaa lukijoilleen rohkaisevia ja el\u00e4m\u00e4nmy\u00f6nteisi\u00e4 artikkeleita. Lehden sis\u00e4ll\u00f6t k\u00e4sittelev\u00e4t el\u00e4m\u00e4\u00e4, arvoja, uskoa, ihmissuhteita ja yhteiskuntaa toivon ja merkityksellisyyden n\u00e4k\u00f6kulmasta. Ilouutiset-lehti kokoaa yhteen henkil\u00f6kohtaisia tarinoita, pohdintoja ja ajankohtaisia teemoja, joiden tarkoituksena on her\u00e4tt\u00e4\u00e4 ajatuksia ja tuoda hyv\u00e4\u00e4 mielt\u00e4 arkeen. Lehti ilmestyy valikoituina painoksina ja on suunnattu kaikille, jotka kaipaavat rakentavaa&hellip;&nbsp;<a href=\"https:\/\/demo.ilouutiset.fi\/index.php\/lehdet\/\" rel=\"bookmark\"><span class=\"screen-reader-text\">Lehti<\/span><\/a><\/p>\n","protected":false},"author":1,"featured_media":0,"parent":0,"menu_order":0,"comment_status":"closed","ping_status":"closed","template":"","meta":{"neve_meta_sidebar":"","neve_meta_container":"","neve_meta_enable_content_width":"","neve_meta_content_width":0,"neve_meta_title_alignment":"","neve_meta_author_avatar":"","neve_post_elements_order":"","neve_meta_disable_header":"","neve_meta_disable_footer":"","neve_meta_disable_title":"","footnotes":""},"class_list":["post-237","page","type-page","status-publish","hentry"],"_links":{"self":[{"href":"https:\/\/demo.ilouutiset.fi\/index.php\/wp-json\/wp\/v2\/pages\/237","targetHints":{"allow":["GET"]}}],"collection":[{"href":"https:\/\/demo.ilouutiset.fi\/index.php\/wp-json\/wp\/v2\/pages"}],"about":[{"href":"https:\/\/demo.ilouutiset.fi\/index.php\/wp-json\/wp\/v2\/types\/page"}],"author":[{"embeddable":true,"href":"https:\/\/demo.ilouutiset.fi\/index.php\/wp-json\/wp\/v2\/users\/1"}],"replies":[{"embeddable":true,"href":"https:\/\/demo.ilouutiset.fi\/index.php\/wp-json\/wp\/v2\/comments?post=237"}],"version-history":[{"count":5,"href":"https:\/\/demo.ilouutiset.fi\/index.php\/wp-json\/wp\/v2\/pages\/237\/revisions"}],"predecessor-version":[{"id":369,"href":"https:\/\/demo.ilouutiset.fi\/index.php\/wp-json\/wp\/v2\/pages\/237\/revisions\/369"}],"wp:attachment":[{"href":"https:\/\/demo.ilouutiset.fi\/index.php\/wp-json\/wp\/v2\/media?parent=237"}],"curies":[{"name":"wp","href":"https:\/\/api.w.org\/{rel}","templated":true}]}}